9. Let r be q(-10). Let c = 43 - r. Calculate the greatest common factor of f and c.
2
Suppose 36 = 3*s + 45, -c + 21 = -4*s. Suppose -3*w - 238 = -5*y - w, -3*y + 147 = 3*w. What is the greatest common factor of y and c?
3
Let l(s) be the second derivative of -s**5/20 - 4*s**4/3 + 11*s**3 + 10*s**2 - 26*s + 4. Let u be l(-20). Calculate the highest common factor of 40 and u.
20
Suppose 0 = 10*h - 5*h - 1295. Suppose 0*n = 7*n + h. Let i = n + 48. Calculate the highest common divisor of i and 11.
11
Suppose -4*d = -3*n - 2010, -n = -3*d + 217 + 1293. Calculate the highest common divisor of d and 360.
72
Let h = -34 + -33. Let f = h + 81. Calculate the greatest common factor of 42 and f.
14
Let q = -1579 + 1613. Calculate the highest common divisor of 2 and q.
2
Let m(l) = -4*l + 5*l - 94 - 4*l + 93 - l**2. Let x be m(-4). Let v(f) = -f. Let w be v(x). Calculate the highest common factor of w and 20.
5
Let y = 44 + -38. Let d(r) = -4*r**3 - 24*r**2 - 2*r - 8. Let j be d(-6). Calculate the highest common divisor of y and j.
2
Suppose 23*z + 704 = 31*z. Suppose 0 = -4*m + 6 + 82. What is the greatest common factor of m and z?
22
Let d be 2*((-3)/(-5))/((-420)/(-50750)). Calculate the greatest common factor of d and 4640.
145
Suppose 5*o - 3*b - 173 = 0, -5*o + 5*b + 229 - 54 = 0. What is the greatest common factor of 6 and o?
2
Let t = 3095 + -3090. What is the greatest common factor of t and 1375?
5
Let r(b) = 85*b - 3057. Let i be r(36). Calculate the greatest common divisor of i and 4593.
3
Let x = 10859 + -10835. Calculate the highest common divisor of 1596 and x.
12
Let w = 206 + -16. Let m = -175 + w. What is the highest common divisor of m and 5?
5
Let s(u) = -u**3 + 7*u**2 + 3. Let i be s(9). Let h = i + 237. Let j be 58 + -9 + 5/((-35)/(-21)). Calculate the highest common divisor of h and j.
26
Let k be (-2)/9 - (-22)/18 - -29. Let n(h) = 21*h - 528. Let i be n(48). What is the greatest common factor of i and k?
30
Suppose 4*f - 68 = -4*j, 0*j - 61 = -5*f + 3*j. Let s(o) = -o**3 - 12*o**2 + 2*o + 269. Let u be s(-10). Calculate the highest common factor of f and u.
7
Let f(d) = -4*d + 18. Let h be f(4). Suppose -h*y = a - 120, 4*a + 5*y - 364 = a. Calculate the greatest common divisor of 16 and a.
16
Suppose 2*s - 4*v - 1093 = 587, 852 = s + 2*v. Calculate the highest common factor of 90 and s.
18
Let c be 22 - (-22)/(13 - -9). Let i(p) = 29*p - 14. Suppose -41 = -4*z - 1. Let w be i(z). What is the highest common divisor of c and w?
23
Let r(l) = -l**2 + 369*l - 3212. Let m be r(9). Calculate the highest common divisor of 1162 and m.
14
Let q be (-88)/(-132) + 1695/117 + 8/(-52). What is the greatest common divisor of q and 1545?
15
Let i(u) = -358*u + 929. Let x be i(-12). Calculate the greatest common factor of 418 and x.
209
Suppose -5*w = 0, -3*y + 3*w + 1261 = w - 5159. Calculate the highest common factor of y and 260.
20
Let f = 163 + -159. Suppose -6 = -5*i + f*i. What is the greatest common factor of 3 and i?
3
Let u(f) = 281*f**2 - 18*f + 40. Let g be u(2). Calculate the highest common divisor of 7050 and g.
282
Let k be (-100)/75 + 110/87 + (-4992)/(-58). Let o(z) = z**3 + 3*z**2 - 6*z - 6. Let s be o(-4). Calculate the greatest common divisor of k and s.
2
Let q(z) = 4*z**3 - 2*z**2 + 4*z - 17. Let m be q(-4). Let s = 114 - m. What is the highest common divisor of 15 and s?
15
Suppose 3*k + 321 = -8*w + 13*w, 85 = 2*w + 5*k. What is the greatest common divisor of 192 and w?
12
Let z(y) = 402*y + 14. Let a be z(1). What is the highest common divisor of a and 640?
32
Let u = 36 - 36. Suppose u*a = 4*a - 264. Suppose -3*b - 5*q = -28, -2*b + 10 = 2*q - 6. Calculate the highest common divisor of a and b.
6
Let m(o) = 26*o**3 - 2*o**2 - o + 2. Let c be m(1). Suppose 9*w = c*w - 8400. What is the highest common factor of w and 75?
75
Let m = -13490 + 13798. Calculate the greatest common factor of m and 968.
44
Suppose 4*z + 1227 - 1563 = 0. What is the greatest common divisor of z and 2856?
84
Let y = -19071 - -19743. What is the greatest common divisor of y and 20328?
168
Let o be -6 - ((-5)/35 - 486096/133). Calculate the greatest common divisor of 89 and o.
89
Let i = -873 - -922. What is the highest common factor of 7399 and i?
49
Let g = -343 + 353. Suppose -16*q + 280 = 12*q. What is the greatest common factor of g and q?
10
Suppose 4*m - 12 = -2*v, 7*m + 3*v - 8 = 3*m. Suppose -m*p = -5*r + 65, 0 = 5*p - 2 + 22. Let z = 689 - 653. Calculate the greatest common divisor of r and z.
9
Suppose -8*j = 4 - 36. Suppose 0 = -4*t + 4*w + 260, -2*t = -74*w + 69*w - 139. Calculate the greatest common factor of j and t.
2
Let b = -795 - -661. Let w = -125 - b. Calculate the greatest common divisor of w and 48.
3
Suppose 126 + 117 = 3*h. Suppose -2*d - h = -5*d. Let u be 51/d*3 + 2/6. What is the greatest common factor of u and 15?
3
Let o(t) = 164*t - 225. Let x = 774 - 767. Let z be o(x). Calculate the highest common divisor of z and 71.
71
Let n = -81 + 77. Let f(t) = 2*t**2 + 13*t + 33. Let h be f(n). Calculate the greatest common factor of h and 39.
13
Suppose -49 = 2*n + 4*b - 161, 5*n - 3*b = 306. Suppose -24*y = -26*y + 150. What is the greatest common divisor of n and y?
15
Let d be (-6)/(-5) - (-1566)/145. Suppose -4 = z + 4*b - 8*b, 3*b = d. What is the greatest common factor of z and 54?
6
Let y = -15022 + 15152. What is the greatest common factor of y and 10205?
65
Let t(q) = 12*q - 83. Let o be t(7). Let x be ((-32)/(-5))/(o/45*9). Calculate the highest common divisor of x and 368.
16
Let k = -429 - -434. Suppose -k*h + 64 + 11 = 0. Calculate the greatest common factor of h and 5.
5
Let a(w) = -w**3 - 4*w**2 - w - 8. Let u be a(-6). Let r = 1523 - 1418. Calculate the highest common factor of r and u.
35
Let b(l) = -67*l - 8. Let g be (1 - 10/15)*-6. Let q be b(g). What is the highest common factor of q and 28?
14
Let w = -314 - -349. Let v = 144 - 39. Calculate the highest common divisor of v and w.
35
Suppose 4150*f = 4140*f + 6480. Calculate the highest common divisor of 8 and f.
8
Let j(r) = -125*r - 2861. Let v be j(-25). What is the greatest common divisor of v and 165?
33
Let y be ((-6)/4)/((-2)/108). Let l(s) = 3*s**2 - 17*s + 3. Let u be l(7). Suppose -u*g + 28*g = -27. Calculate the highest common factor of g and y.
9
Suppose 0 = -25*i - 2588 + 10888. Suppose -1670 = -7*c + i. Calculate the highest common divisor of c and 44.
22
Suppose -1267*m = -1240*m - 324. Calculate the greatest common divisor of 690 and m.
6
Let p(l) = -3*l**2 + 3*l**3 - 3*l + 7*l**2 - l + 0*l - 1. Let x be -1*(-1)/(-3)*(-9 - -3). Let k be p(x). What is the highest common factor of 279 and k?
31
Let i be ((-20274)/(-872))/(9/12). Suppose h = 2*x + 3, -3*x - 12 = -7*h + 3*h. Suppose 3*t - 51 - 42 = x. Calculate the highest common factor of t and i.
31
Suppose -2*v = -p - 4*v + 22, 0 = 4*p + 5*v - 73. Let m = p - -6. Let z = 8 + m. What is the greatest common divisor of 26 and z?
26
Let s(x) = 94*x**2 - 59. Let t be s(-6). Calculate the greatest common divisor of 210 and t.
35
Suppose 96*m = -2*y + 92*m + 1462, -2*y + 3*m = -1483. What is the greatest common divisor of y and 22?
11
Let j = 105 + -60. What is the greatest common factor of j and 279?
9
Let h = 82 - 46. Let m be (-26 + (-13 - 1224/(-48)))*14/(-3). What is the highest common divisor of m and h?
9
Suppose 5*v = 2*u + 1236, -3*v + 3*u - 87 = -825. Let a = -15888 - -15919. Calculate the highest common divisor of a and v.
31
Let p be (-173797)/(-922)*(2/5)/(1/5). What is the greatest common divisor of p and 290?
29
Let w be 3*(2 + 522/(-162))*(-3 + 0). What is the highest common factor of 41063 and w?
11
Let p(s) = 7*s**2 + 4*s - 3. Let i be p(1). Suppose -7*j = -i*j - 3*j. Suppose 0 = -j*w - 3*w + 72. Calculate the highest common divisor of 192 and w.
24
Let b be 63*(8/(-3) - -3). Let j = 554 - 278. Let g = j - 255. Calculate the highest common factor of b and g.
21
Let r be 2/5*8460/(10 - 6). Suppose -4*z + 80 = -13*q + 9*q, 3*q = -6. Calculate the greatest common factor of r and z.
18
Let n be (-551)/(-171) - (-2)/(-9). Suppose -n*p + 4*h = 2*p - 872, -3*p + 3*h + 522 = 0. Calculate the greatest common divisor of 16 and p.
16
Let o(g) = 218*g**3 - 10*g + 27. Let c be o(3). Calc